-8 = 3*p + 2*m, -3*p + 11 = -4*p + m. Let k(n) = -4*n - 9. Let t be k(p). Let a be (-6)/1*t/(-45). Calculate the greatest common divisor of 16 and a.
2
Let k(d) = d**2 - 5*d + 28. Let l(h) = h. Let a(p) = k(p) + 6*l(p). Let q be a(0). Calculate the highest common factor of q and 7.
7
Let g be (-2)/(-10) - (-4)/5. Let d be 164 - g/(-2 - -1). Calculate the highest common factor of 15 and d.
15
Suppose 4*m - 6*s - 191 = -s, 135 = 3*m - s. What is the highest common factor of 55 and m?
11
Let c = -1539 - -1589. Suppose 5*m + 0 = 30. Suppose o - m*o = -c. What is the highest common divisor of o and 25?
5
Suppose 3 = -2*c - 5, 4*i + c = 8. Suppose 0*v - 5*v - 2*d = -385, 0 = i*v + 4*d - 231. What is the highest common divisor of 11 and v?
11
Suppose 8 = -0*s + 3*s - n, 2*s = n + 6. Suppose 0 = -5*w - 3*c + 237 + 115, s*c = 2*w - 128. What is the greatest common factor of 17 and w?
17
Let p(x) be the second derivative of -3*x**3/2 - 3*x**2 - x. Let f be p(-2). Calculate the greatest common divisor of 12 and f.
12
Let q = -60 + 41. Let p = q + -16. Let g = -26 - p. Calculate the highest common factor of g and 63.
9
Let q be 3 + (16 + -9)*70. What is the highest common divisor of q and 29?
29
Let h(q) = q**3 - q**2. Let m(t) = 5*t**3 - 19*t**2 + 5*t - 12. Let d(g) = 6*h(g) - m(g). Let v be d(-12). Calculate the highest common divisor of v and 24.
24
Suppose 0 = -3*c + 4*j - 518, -3*j + 12 = -4*c - 681. Let p be c/15*(3 - 13). What is the greatest common divisor of 29 and p?
29
Let t = -1998 - -2043. What is the highest common divisor of t and 285?
15
Let l be 3*(-6)/(-9) - -1. Suppose -360 = -30*c + 15*c. What is the greatest common divisor of l and c?
3
Suppose -4*o - 14 = -50. Suppose 0 = -7*l + o*l + 44. Let f = 37 + l. What is the greatest common factor of 75 and f?
15
Let y = -1055 - -1063. What is the highest common divisor of y and 144?
8
Let a = 416 + 304. What is the highest common factor of a and 90?
90
Let o(w) = 6*w - 2. Let a be o(2). What is the greatest common divisor of a and 410?
10
Suppose 0 = -14*m + 470 + 6. Calculate the greatest common divisor of 2 and m.
2
Suppose -123 = -4*b - 5*y, -7*b + 111 = -3*b + y. What is the greatest common factor of b and 729?
27
Let u = 247 + -163. Calculate the greatest common divisor of u and 24.
12
Let d = 114 - 26. Let a be 2/(-2) - 1863/(-207). What is the highest common factor of d and a?
8
Let h be 12*8/288*33. What is the greatest common factor of h and 836?
11
Suppose 2*h - 78 = 5*t, -192*h + t = -189*h - 91. Suppose -z + 2*l + 143 = 0, -z + 434 = 2*z - l. What is the greatest common divisor of z and h?
29
Suppose -11 = -5*x + x + c, -10 = x + 4*c. Calculate the greatest common factor of x and 64.
2
Let p(r) = -7*r - 18. Suppose 4*n + 16 = -0*n. Let c be p(n). Calculate the highest common divisor of 10 and c.
10
Let w(i) = i**3 + 13*i**2 - 15*i - 10. Let s be w(-14). Let o = 15 - s. What is the highest common divisor of 1 and o?
1
Let u(c) = 2*c**2 - 2*c - 1. Let m be u(3). Let p = -113 - -193. Suppose -162 - p = -2*j. Calculate the highest common factor of m and j.
11
Let z = 14 - 12. Suppose -17 + 1 = z*i. Let f = i - -11. Calculate the greatest common factor of 15 and f.
3
Suppose 30*v - 430 = 440. Suppose -5*w + 0*w + 4*s + 141 = 0, 0 = -5*w + 3*s + 142. Calculate the greatest common factor of w and v.
29
Suppose -b - 6 = -3. Let m(q) = -q**3 + 4*q**2 - 4*q + 2. Let i be m(2). Let j be 13/(((-6)/i)/b). Calculate the highest common divisor of 39 and j.
13
Let h be (-160)/96*66/(-10). What is the highest common factor of 22 and h?
11
Suppose 0 = 2*u - 3*j + 2*j - 8, -10 = -4*u - j. Let i be 21/2*4/u. Let r be (-68)/(-5) + (-12)/(-30). Calculate the highest common divisor of i and r.
14
Suppose 17*f - 108 - 28 = 0. What is the highest common factor of f and 8?
8
Let c be 2 - ((0 - -2) + -4). Suppose -h - f = 1, 0 = -2*h + c*h + f - 2. What is the greatest common divisor of h and 33?
3
Suppose -q - 2 = -4. Let w be (-47)/(-9) + (-4)/18. Suppose 5*o - 6*o - 2 = -3*i, w*o - 3*i - 2 = 0. What is the greatest common factor of q and o?
1
Let g be 3 - 2584/(-32) - 1/(-4). Calculate the highest common factor of g and 60.
12
Let u = -928 - -1360. Calculate the greatest common divisor of u and 48.
48
Let i = 37 + -13. Suppose 0 = 5*s + 2*c - 20, -c + 0 = 2*s - 7. Suppose -s*q = -q - 15. Calculate the highest common divisor of q and i.
3
Let a be 7/(-1) + (10 - 7). Let x be ((-2)/a)/(3/(-138)). Let y = 38 + x. What is the highest common factor of y and 60?
15
Let y = 3 + 2. Suppose -v - 8 = -y*v. Suppose -2*j + 16 = -0*j - 2*r, -v*r - 36 = -4*j. Calculate the greatest common factor of j and 15.
5
Let z = 477 + -351. What is the highest common divisor of 98 and z?
14
Let h(o) = 5*o - 1. Let k be h(1). Suppose 0 = -5*s - 4*i + 17 - 5, -2*s + 3 = i. Suppose 10*q + q - 440 = s. What is the greatest common divisor of k and q?
4
Let g(m) = 4 + 13 + m**3 - 11 - 22*m**2. Let h be g(22). Calculate the highest common factor of h and 3.
3
Suppose 5*g = t - 250, -6*t + 11*t = -g + 1380. Calculate the greatest common factor of t and 110.
55
Let w(n) = -n + 38. Let o be w(0). Let i be -19*(-84)/(-14 + 26). What is the greatest common divisor of o and i?
19
Let n be 2*1 + (-4505)/(-85). Calculate the greatest common divisor of n and 1045.
55
Let u be 3/(-15) - 16/(-5). Let j(m) = m**3 - m**2 - 3. Let l be j(u). Calculate the greatest common divisor of 15 and l.
15
Suppose 121 - 583 = 33*j. Let m be ((-7)/(-3))/(3/27). Let f be (-9)/m - 34/j. What is the highest common divisor of f and 18?
2
Suppose -48 = -4*w + 4*s, 5*w + 5*s = 26 + 64. What is the highest common divisor of 135 and w?
15
Let z = 23 - 2. Let w = z + -12. Suppose -r = t - w, -4*r + 2 = 18. Calculate the highest common divisor of 117 and t.
13
Let h = -1952 + 1970. Calculate the highest common factor of h and 414.
18
Let s(l) = -l**2 - 6*l + 8. Let u be s(-7). Suppose -35 = -w - 18. Suppose 0 = k - 4, 4*k + 0*k = -f + w. What is the greatest common factor of u and f?
1
Suppose 2*h = 4*k + k + 38, -3*k + 76 = 4*h. Let f(y) = 4*y**2 - 29*y + 71. Let n be f(4). Calculate the highest common factor of h and n.
19
Let h(n) = 13*n**2 + 19*n + 28. Let f be h(-4). What is the greatest common divisor of f and 64?
32
Suppose 0 = 3*m + 3*m - 30. Suppose 2*h + m*f = f - 52, 5*h - 5*f + 130 = 0. Let v = h + 41. What is the greatest common divisor of v and 15?
15
Let u(c) = -c**3 + 6*c**2 + 5*c + 2. Let i be u(5). Let g = i + -43. Calculate the highest common divisor of g and 99.
9
Let b = 78 + -22. Calculate the highest common factor of 476 and b.
28
Let y be (-6 + 12)/(0 - 2). Let q be -285*4/y + -4. Let r be q/20 - (-8)/(-10). What is the highest common divisor of 72 and r?
18
Let u(k) be the third derivative of k**6/120 - 11*k**5/60 - 25*k**4/24 + 17*k**3/6 + 15*k**2. Let s be u(13). What is the greatest common factor of 10 and s?
10
Let p = -21 + 41. Calculate the greatest common divisor of p and 220.
20
Suppose 4*m = -4*j + j + 3135, 0 = -j + 1. Calculate the highest common factor of 29 and m.
29
Suppose -4*y + 2*j - 4 = 0, 4*j = 3*y + j + 6. Suppose y = 6*x - 35 - 19. Calculate the greatest common divisor of 27 and x.
9
Let i be (-4)/(-38) + -4*1526/(-133). What is the highest common divisor of i and 3266?
46
Let t be (3/4)/((-3)/(-24)). Let g be 180/(-27)*(-90)/25. What is the greatest common divisor of t and g?
6
Let v = -69 + 68. Let u be (6/(-12))/(v - 60/(-64)). What is the highest common factor of u and 8?
8
Suppose 25 = -2*o + 61. Let m(c) = 3*c + 30. Let g be m(o). Calculate the greatest common factor of 28 and g.
28
Suppose -4*z + 18 = 2*u, 3*z - 8 - 18 = -4*u. Suppose -3*x + 5*x - 130 = 0. What is the highest common divisor of u and x?
5
Suppose 2*x = -2*x + 92. Let n = -17 + x. Calculate the greatest common factor of n and 24.
6
Suppose 0 = -4*j + 2*d + 140, 5*d = -j + 12 + 34. Calculate the highest common divisor of 492 and j.
12
Let x(z) = -39*z**3 + z**2 + 3*z + 2. Let r = 39 + -41. Let a be x(r). Calculate the greatest common divisor of a and 39.
39
Let d(j) = -2*j + 4 - 4 + 3 + j. Let i be d(0). Suppose -33 = -i*n + 57. What is the greatest common divisor of n and 12?
6
Suppose 2691 = y + 2021. Calculate the greatest common divisor of 536 an